t o(k) = -k**3 - 11*k**2 - k + 4. Let t = -10158 + 10147. Determine o(t).
15
Let r(m) = -m**3 - 10*m**2 - 12*m + 4. Suppose -4*g = 5*h + 15, -122*g + 119*g = -3*h - 9. Calculate r(h).
-23
Suppose 2*s + 3*s - 3201 = -2*i, 2*i - 1923 = -3*s. Let p = s - 638. Let d(a) = a**2 + a - 1. Determine d(p).
1
Let y(a) = -a**3 - 5*a**2 + 4. Let h = -64 + 115. Let b = -39 + h. Suppose -3*u - 3 = 0, -b = 5*i + 3*u + 6. Give y(i).
-14
Let a(f) = -1 + 5*f**3 - 55*f - 70*f - 4*f**3 + 3*f**2 + 123*f. Let q(m) = 2*m - 1. Let n be q(2). Suppose 4 = -p + n*j - 13, -12 = p - 2*j. Determine a(p).
7
Let c(r) = -32*r + 22. Let w(f) = 134*f - 92. Let x(a) = -9*c(a) - 2*w(a). What is x(6)?
106
Let q(k) = 1 - 50*k + 6 - 55*k + 100*k + 10. What is q(-6)?
47
Let i(r) be the second derivative of -5*r**4/12 - r**3/3 - 3*r**2/2 - 2710*r + 1. Suppose 5*s + 10 = -3*h + 1, -5*h + 10 = 0. Determine i(s).
-42
Let r(p) be the third derivative of -p**5/30 + p**4/6 + p**3/3 + 53*p**2 + 4*p. Determine r(7).
-68
Let y(w) = -2*w + 1. Suppose 15*n + 15 - 75 = 0. Suppose 4*a + 7 = s, -5*a = n*s - 9 + 2. Determine y(s).
-5
Let k(w) = 0*w**2 + 18*w + 1945 + 10*w - w**2 - 2126. Give k(18).
-1
Let a(f) be the third derivative of f**5/60 + f**4/24 - 41*f**3/6 + 163*f**2 - 14*f - 2. Calculate a(-8).
15
Let u(w) = 17*w + 29. Let d(c) = 15*c + 87. Let k be d(-6). Give u(k).
-22
Let c be -8 + (-2 - (4 + -8)). Let m(g) = -g + 6*g + 3 - g + g**2 + 0*g. Calculate m(c).
15
Let u be 3/(1/8*6). Let o(w) be the second derivative of w**4/12 - 7*w**3/6 + 5*w**2 + 3*w + 116. Determine o(u).
-2
Suppose -27*l - 119 = 2*v, -2 = 2*v - 18. Let f(p) = p**3 + 2*p**2 - 22*p - 7. Calculate f(l).
28
Let x(t) = 17*t - 2. Suppose 3*s - 5*s - 3*n + 26 = 0, 5*n - 30 = 0. What is x(s)?
66
Let a(i) = -2*i**2 + 18*i + 8. Let l(d) = -769*d - 3836. Let h be l(-5). Calculate a(h).
8
Let l be 2 + ((-8)/18)/(6/(-27)). Suppose 5*z + 2*m - 8 = 0, -4*m = -l*z - 7*m + 12. Let h(n) = 2 + 7 - n + z. What is h(0)?
9
Let j(v) = -v**3 + 9*v**2 + 2. Let d = -214 + 216. Suppose -25 = -d*b - 7. What is j(b)?
2
Let r(z) be the second derivative of z**4/12 + z**3/2 - 6*z**2 + 2*z. Let f(m) = -3*m**3 + 445*m**2 + 299*m - 154. Let b be f(149). Give r(b).
-2
Let o = 39840 + -39834. Let a(x) = -128*x + 773. Determine a(o).
5
Let g(c) = 2*c**2 + 2. Let t(z) = -z**3 + 2*z**2 + z + 4. Suppose 14 = -4*r + 6. Let o(q) = r*t(q) + 3*g(q). What is o(-2)?
-6
Let l(m) = -4*m + 291. Let y(i) = 7*i - 410. Let h(v) = 7*l(v) + 5*y(v). Determine h(11).
64
Suppose 4*s - 2 = -2*j + 5*s, -4*s + 28 = 4*j. Let d(r) = r**3 + 1399*r + 2*r**2 + 9 - 1398*r - 2*r**j. What is d(0)?
9
Let l(z) be the first derivative of z**2 + 12*z + 871. What is l(-12)?
-12
Let r(h) = 2*h + 8. Let p(x) = -x + 31. Let g be p(32). Let o(u) = 1. Let w(l) = g*o(l) - r(l). Determine w(-8).
7
Let t be 0 - 0 - -1 - (36 + -29). Let d(i) be the first derivative of -i**3/3 - 4*i**2 + 274. Calculate d(t).
12
Let y = -1381 + 1388. Let q(b) = -b**3 + 9*b**2 - 11*b + 4. What is q(y)?
25
Let i(x) = -x**3 + 6*x - 2. Let j be 2*((-252)/24)/7. Determine i(j).
7
Let x = 22011 - 22019. Let h(i) = -20*i - 89. Determine h(x).
71
Let f = -50 + 52. Suppose 0 = f*g - 3*u - 23, -2*g + 0*u + 26 = -4*u. Let q(p) = p + 1. Determine q(g).
8
Let u = -552 - -552. Let q(f) be the third derivative of 8*f**2 + 1/60*f**5 + 0 + 1/3*f**4 + 1/3*f**3 + u*f. Give q(-7).
-5
Let x(i) = -245*i + 1717. Let q be x(7). Let z(k) = -2*k + 0*k**2 + 3 - 5 - k**2 + 5*k. Give z(q).
0
Let a(s) = 3 - s - 3*s**2 - 2 + 12*s**2. Let t be 13 + (-14 - -16 - 12) + -5. Calculate a(t).
39
Suppose -5*g - 2*v = -5095, -5*g + 0*g + 4*v + 5125 = 0. Let x = 1019 - g. Let y(a) = -2*a + 1. What is y(x)?
5
Suppose 7*w + 6 = 11*w + 3*h, 3*w + 4*h - 1 = 0. Suppose -24 = w*j - 36. Let k(n) = n**2 + 4. Determine k(j).
20
Let v(s) = -23 + 17*s - 6*s - 7*s. Let d be v(8). Let g(r) = 6*r + d*r + 5 - 14*r. What is g(-3)?
2
Let i(g) = -5*g**3 + 7*g**2 - 11*g. Let t be (-1 - (7 - 2))*(-1)/2. Let n(a) = -a + 1 - a**3 - 7*a**t + 7*a**3. Let d(c) = -i(c) + 4*n(c). What is d(6)?
10
Let o(k) = k**2 - 3*k - 3. Let y be (-11)/33 - 13/(-3). Let h be 0/((-5)/(y + 1)). Suppose 2*l = 4*m - 6 - 6, h = 4*m - 5*l. Give o(m).
7
Let d(p) = 2*p**3 + 2*p**2 + 2*p. Suppose 0 = 5*l - 85 + 70. Suppose g + f = -g, 0 = -l*g + f - 10. What is d(g)?
-12
Let c(f) = f**3 - 11*f**2 - 13*f + 5. Let s be (4/5)/(41/615). Determine c(s).
-7
Let z(r) = 5*r + 1. Let x(m) = -38*m - 5. Let j(q) = x(q) + 6*z(q). Determine j(0).
1
Suppose 15*h + 275 = 290. Let d(o) = -o. Give d(h).
-1
Let w(j) = 2*j**3 + 35*j**2 - 12*j + 23. Let o = 18010 + -18028. Determine w(o).
-85
Let k(x) = -x**3 - 13*x**2 - 12*x - 7. Let z(s) = -s**3 - 14*s**2 - 13*s - 9. Let y(n) = 7*k(n) - 6*z(n). What is y(-7)?
47
Let f = -4232 + 4233. Let s(v) = v**2 - 7*v + 7. Calculate s(f).
1
Let l = 1 - -3. Let w(o) = 50 + 58 + 40*o - 109. Let k(y) = -11*y. Let i(z) = -14*k(z) - 4*w(z). Determine i(l).
-20
Let a(h) = h**3 + 30*h**2 - 26*h + 152. Let q be a(-31). Let u(o) = o**3 - 3*o**2 - 7. Determine u(q).
-61
Let q(j) be the first derivative of 1 + 0*j**2 + 2*j - 1/3*j**3. Let u(n) = -14*n**2 + 263*n + 62. Let c be u(19). Give q(c).
-23
Let y(r) = 5*r**2 - 142*r - 68. Let q = -5883 + 5912. Give y(q).
19
Let o(u) = 134 - 46 - 5 + 23 - 26 - 5*u. Give o(13).
15
Let k(v) = 1 - 3 - 11*v**2 + 29*v**2 - v**3 - 12*v**2 + 3*v. Suppose 0 = 2*p - 2, 4*d + 5*p = 24 + 1. What is k(d)?
38
Let k(o) = -5*o - 6. Let x(d) = -2. Let m(p) = -k(p) + 6*x(p). Let q(s) = -2*s. Let z(j) = -m(j) - 2*q(j). Determine z(-6).
12
Let c(d) = 5*d - 1291. Let j(o) = -2*o + 484. Let v(g) = -3*c(g) - 8*j(g). Let l(a) = -a**2 + 6*a + 3. Let h be l(7). Let m = h - -1. What is v(m)?
-2
Let d(u) be the third derivative of -2*u**2 - 1/24*u**4 - 24*u - 1/6*u**3 + 0. Calculate d(-3).
2
Let k(g) be the second derivative of -g**3/2 - 65*g**2/2 + 1216*g. Give k(-29).
22
Let b(p) be the third derivative of -p**7/720 + p**6/144 - p**5/6 - 4*p**3/3 - 64*p**2. Let w(a) be the third derivative of b(a). Calculate w(2).
-9
Let x(j) = -j**2 - 2*j - 6. Let w = -611 - -416. Let p be ((-3)/(9/(-4)))/(65/w). Calculate x(p).
-14
Let l(c) = 4*c**3 + 3*c**2 + 23*c - 2. Let a(h) = -5*h**3 - 4*h**2 - 27*h + 2. Let q(y) = -5*a(y) - 6*l(y). Determine q(3).
38
Suppose 2*s = 4*b + 2 + 16, 4*s - 12 = 2*b. Let p(j) = 2 + 6*j**2 - 1 - 6*j**2 + 31*j**2 - 19*j**2. Calculate p(s).
13
Let d(s) = 5*s**2 - 1. Let c(y) = 6*y**2 + y - 1. Let g(q) = -6*c(q) + 7*d(q). Let r = -16015 + 16011. Determine g(r).
7
Let p(l) be the first derivative of l**2/2 + 14*l - 1814. What is p(-10)?
4
Let m(n) = -n + 3. Let y be (11 + -10)/(2/(-4)). Let g be 30/8 + y/(-8). Suppose g*i - 5 = 3*t + 29, -38 = -4*i + 5*t. Determine m(i).
-4
Let d = 121 + -34. Suppose -5*s - 228 = 4*v, s - d = 3*s + 3*v. Let k = s + 51. Let o(g) = g**3 - g**2 - 2*g + 1. What is o(k)?
13
Let o(c) = 24*c - 12*c + 5*c - 3*c + c**3 - 9*c**2 + 27 + c. Calculate o(5).
2
Let z(m) = -11*m - 1. Let u(q) = 402 - 2*q - 2*q**2 - 412 - 2*q + 3*q**2. Let t be u(-2). Give z(t).
-23
Suppose -72*s = -379 + 667. Let f(w) = -80*w - 315. Give f(s).
5
Let m(d) be the first derivative of -d**4/2 - 35*d**3/3 - 15*d**2/2 + 23*d - 2279. What is m(-17)?
-11
Let m = -25 - -39. Let p(k) = -675 - 660 - 681 + 2033 + 3*k - 4*k. Give p(m).
3
Let m(k) = 19*k + 200. Let z be m(-11). Let u(y) = y. Let i(h) = h - 3. Let x(a) = i(a) - 2*u(a). Calculate x(z).
6
Let w = -71 - -78. Let v be (-10 + w)/15*-10. Let h(f) = f**2 + 1. Give h(v).
5
Let s = 22499 + -22503. Let p(h) = -h**2 - 9*h - 29. Calculate p(s).
-9
Let u(b) = 3*b + 7. Let g be u(3). Suppose g = 3*n + 10. Suppose -2*r = n*j + 3*r + 20, -r - 17 = 3*j. Let i(m) = m + 5. Calculate i(j).
0
Let g(b) be the second derivative of -b**3/2 + b**2/2 - 2*b - 50. What is g(3)?
-8
Let g(i) be the third derivative of i**6/60 + 3*i**5/20 + i**4/6 - i**3/2 + 20*i**2 + 1. Suppose 0 = 4*o + 18 - 2. What is g(o)?
-3
Let d(j) = j**2 - 8*j - 43. Suppose p + 4*f = 3, -11*f + 153 = 13*p - 16*f. What is d(p)?
-10
Suppose -360 = -3*t - 3*t. Suppose 2*n = 12*n - t. Let w(f) = f**2 - 3*f + 4. Calculate w(n).
22
Let t(k) be the first derivative of -k**4/4 + 7*k**3 - 23*k**2/2 + 66*k - 1432. Give t(20).
6
Let v(u) be the first derivative of u**2 + 26*u + 194